{"id":325,"date":"2022-09-27T17:46:28","date_gmt":"2022-09-27T17:46:28","guid":{"rendered":"https:\/\/brincazapateria.cl\/?page_id=325"},"modified":"2024-10-10T18:22:06","modified_gmt":"2024-10-10T18:22:06","slug":"quienes-somos","status":"publish","type":"page","link":"https:\/\/www.laboratoriobiomed.cl\/index.php\/quienes-somos\/","title":{"rendered":"Quienes Somos"},"content":{"rendered":"<div class=\"wpb-content-wrapper\"><p>[vc_row full_width=\u00bbstretch_row_content_no_spaces\u00bb equal_height=\u00bbyes\u00bb content_placement=\u00bbmiddle\u00bb bg_type=\u00bbbg_color\u00bb bg_color_value=\u00bb#a1007d\u00bb][vc_column width=\u00bb1\/2&#8243; css=\u00bb.vc_custom_1727372609887{padding-top: 250px !important;padding-right: 0px !important;padding-bottom: 250px !important;padding-left: 0px !important;background-image: url(https:\/\/www.laboratoriobiomed.cl\/wp-content\/uploads\/2024\/09\/HEADER-3.png?id=583) !important;background-position: center !important;background-repeat: no-repeat !important;background-size: cover !important;}\u00bb][\/vc_column][vc_column width=\u00bb1\/2&#8243; css=\u00bb.vc_custom_1664316336707{padding-top: 80px !important;padding-right: 40px !important;padding-bottom: 100px !important;padding-left: 60px !important;background-color: #a1007d !important;}\u00bb]<div id=\"ultimate-heading-696469e9ee82e8fdd\" class=\"uvc-heading ult-adjust-bottom-margin ultimate-heading-696469e9ee82e8fdd uvc-6037  uvc-heading-default-font-sizes\" data-hspacer=\"no_spacer\"  data-halign=\"center\" style=\"text-align:center\"><div class=\"uvc-heading-spacer no_spacer\" style=\"top\"><\/div><div class=\"uvc-main-heading ult-responsive\"  data-ultimate-target='.uvc-heading.ultimate-heading-696469e9ee82e8fdd h1'  data-responsive-json-new='{\"font-size\":\"\",\"line-height\":\"\"}' ><h1 style=\"font-weight:bold;color:#ffffff;margin-top:20px;margin-bottom:20px;\">\u00bfQui\u00e9nes Somos?<\/h1><\/div><\/div><div id=\"ultimate-heading-701969e9ee82e9015\" class=\"uvc-heading ult-adjust-bottom-margin ultimate-heading-701969e9ee82e9015 uvc-9814  uvc-heading-default-font-sizes\" data-hspacer=\"no_spacer\"  data-halign=\"left\" style=\"text-align:left\"><div class=\"uvc-heading-spacer no_spacer\" style=\"top\"><\/div><div class=\"uvc-sub-heading ult-responsive\"  data-ultimate-target='.uvc-heading.ultimate-heading-701969e9ee82e9015 .uvc-sub-heading '  data-responsive-json-new='{\"font-size\":\"\",\"line-height\":\"\"}'  style=\"font-weight:normal;color:#ffffff;margin-bottom:25px;\"><\/p>\n<p style=\"text-align: left;\">Laboratorio Cl\u00ednico Biomed es un laboratorio que ofrece tecnolog\u00eda de ultima generaci\u00f3n para el procesamiento de an\u00e1lisis cl\u00ednicos y cuenta con un staff de profesionales altamente capacitados, proporcionando una amplia gama de ex\u00e1menes de laboratorio.<\/p>\n<p><\/div><\/div><div id=\"ultimate-heading-884269e9ee82e9031\" class=\"uvc-heading ult-adjust-bottom-margin ultimate-heading-884269e9ee82e9031 uvc-8109  uvc-heading-default-font-sizes\" data-hspacer=\"no_spacer\"  data-halign=\"left\" style=\"text-align:left\"><div class=\"uvc-heading-spacer no_spacer\" style=\"top\"><\/div><div class=\"uvc-main-heading ult-responsive\"  data-ultimate-target='.uvc-heading.ultimate-heading-884269e9ee82e9031 h2'  data-responsive-json-new='{\"font-size\":\"\",\"line-height\":\"\"}' ><h2 style=\"--font-weight:theme;color:#ffffff;\">Misi\u00f3n<\/h2><\/div><div class=\"uvc-sub-heading ult-responsive\"  data-ultimate-target='.uvc-heading.ultimate-heading-884269e9ee82e9031 .uvc-sub-heading '  data-responsive-json-new='{\"font-size\":\"\",\"line-height\":\"\"}'  style=\"font-weight:normal;color:#ffffff;margin-bottom:25px;\"><\/p>\n<p style=\"text-align: left;\">Contribuir a la prevenci\u00f3n, diagn\u00f3stico y tratamiento de la salud de las personas, a trav\u00e9s de ex\u00e1menes de laboratorio con resultados confiables, precisos y oportunos, con tecnolog\u00eda de vanguardia y personal capacitado conforme a altos est\u00e1ndares de calidad.<\/p>\n<p><\/div><\/div><div id=\"ultimate-heading-262869e9ee82e904c\" class=\"uvc-heading ult-adjust-bottom-margin ultimate-heading-262869e9ee82e904c uvc-9851  uvc-heading-default-font-sizes\" data-hspacer=\"no_spacer\"  data-halign=\"left\" style=\"text-align:left\"><div class=\"uvc-heading-spacer no_spacer\" style=\"top\"><\/div><div class=\"uvc-main-heading ult-responsive\"  data-ultimate-target='.uvc-heading.ultimate-heading-262869e9ee82e904c h2'  data-responsive-json-new='{\"font-size\":\"\",\"line-height\":\"\"}' ><h2 style=\"--font-weight:theme;color:#ffffff;\">Visi\u00f3n<\/h2><\/div><div class=\"uvc-sub-heading ult-responsive\"  data-ultimate-target='.uvc-heading.ultimate-heading-262869e9ee82e904c .uvc-sub-heading '  data-responsive-json-new='{\"font-size\":\"\",\"line-height\":\"\"}'  style=\"font-weight:normal;color:#ffffff;\"><\/p>\n<p style=\"text-align: left;\">Ser un laboratorio l\u00edder en la zona y reconocido como un laboratorio de referencia, aportando valor al conocimiento en las \u00e1reas de apoyo diagnostico.<\/p>\n<p><\/div><\/div>[\/vc_column][\/vc_row][vc_row full_width=\u00bbstretch_row_content_no_spaces\u00bb equal_height=\u00bbyes\u00bb content_placement=\u00bbmiddle\u00bb bg_type=\u00bbbg_color\u00bb bg_color_value=\u00bb#002856&#8243;][vc_column width=\u00bb1\/2&#8243; css=\u00bb.vc_custom_1664316513782{padding-top: 80px !important;padding-right: 60px !important;padding-bottom: 100px !important;padding-left: 60px !important;background-color: #002856 !important;background-position: center !important;background-repeat: no-repeat !important;background-size: cover !important;}\u00bb]<div id=\"ultimate-heading-970069e9ee82e9065\" class=\"uvc-heading ult-adjust-bottom-margin ultimate-heading-970069e9ee82e9065 uvc-4034  uvc-heading-default-font-sizes\" data-hspacer=\"no_spacer\"  data-halign=\"left\" style=\"text-align:left\"><div class=\"uvc-heading-spacer no_spacer\" style=\"top\"><\/div><div class=\"uvc-main-heading ult-responsive\"  data-ultimate-target='.uvc-heading.ultimate-heading-970069e9ee82e9065 h2'  data-responsive-json-new='{\"font-size\":\"\",\"line-height\":\"\"}' ><h2 style=\"--font-weight:theme;color:#ffffff;margin-bottom:20px;\">Pol\u00edtica de Calidad<\/h2><\/div><\/div><div id=\"ultimate-heading-205469e9ee82e907b\" class=\"uvc-heading ult-adjust-bottom-margin ultimate-heading-205469e9ee82e907b uvc-8373  uvc-heading-default-font-sizes\" data-hspacer=\"no_spacer\"  data-halign=\"left\" style=\"text-align:left\"><div class=\"uvc-heading-spacer no_spacer\" style=\"top\"><\/div><div class=\"uvc-sub-heading ult-responsive\"  data-ultimate-target='.uvc-heading.ultimate-heading-205469e9ee82e907b .uvc-sub-heading '  data-responsive-json-new='{\"font-size\":\"\",\"line-height\":\"\"}'  style=\"font-weight:normal;color:#ffffff;margin-bottom:25px;\"><\/p>\n<p style=\"text-align: left;\">Laboratorio Biomed, compromete los esfuerzos de la direcci\u00f3n y todo su personal, a la satisfacci\u00f3n de sus usuarios, otorgando un servicio de alto nivel de calidad, para esto nos comprometemos a:<\/p>\n<ul style=\"text-align: left;\">\n<li>Entregar un servicio que satisfaga las necesidades y expectativas de nuestros usuarios.<\/li>\n<li>Proporcionar un servicio de alto nivel de calidad, entregando resultados realizados por personal calificado y avalados por est\u00e1ndares de calidad.<\/li>\n<li>Mantener un alto grado de compromiso del personal con la pol\u00edtica y objetivos del Laboratorio Biomed.<\/li>\n<li>Establecer y mantener un Sistema de Gesti\u00f3n de la Calidad inspirado en la mejora continua.<\/li>\n<li>Establecer las condiciones necesarias para garantizar la seguridad de sus usuarios.<\/li>\n<\/ul>\n<p style=\"text-align: left;\"><em>Gerente General<\/em><\/p>\n<p><\/div><\/div>[\/vc_column][vc_column width=\u00bb1\/2&#8243; css=\u00bb.vc_custom_1726519016985{padding-top: 250px !important;padding-bottom: 250px !important;background-image: url(https:\/\/www.laboratoriobiomed.cl\/wp-content\/uploads\/2022\/09\/DJI_0169.jpg?id=331) !important;background-position: center !important;background-repeat: no-repeat !important;background-size: cover !important;}\u00bb][\/vc_column][\/vc_row][vc_row css=\u00bb.vc_custom_1664318854646{padding-top: 40px !important;padding-bottom: 30px !important;}\u00bb][vc_column][vc_row_inner][vc_column_inner width=\u00bb1\/4&#8243;]<div class=\"stats-block stats-top  \"><div class=\"aio-icon-top\"><div class=\"ult-just-icon-wrapper  \"><div class=\"align-icon\" style=\"text-align:center;\">\n<div class=\"aio-icon circle \"  style=\"color:#ffffff;background:#a1007d;font-size:54px;display:inline-block;\">\n\t<i class=\"fas fa-microscope\"><\/i>\n<\/div><\/div><\/div><\/div><div class=\"stats-desc\" id=\"counter-responsv-wrap-6571\"><div class=\"counter_prefix mycust ult-responsive\"  data-ultimate-target='#counter-responsv-wrap-6571 .mycust'  data-responsive-json-new='{\"font-size\":\"\",\"line-height\":\"\"}'  style=\"font-size:28px; color:#a1007d\">+ de <\/div><div id=\"counter_386102818269e9ee82e9266\" data-id=\"counter_386102818269e9ee82e9266\"  data-ultimate-target='#counter-responsv-wrap-6571 .stats-number'  data-responsive-json-new='{\"font-size\":\"\",\"line-height\":\"\"}'  class=\"stats-number ult-responsive\" style=\"font-size:28px;  font-weight:bold;color:#002856;\" data-speed=\"3\" data-counter-value=\"500\" data-separator=\"56\" data-decimal=\"none\">0<\/div><div class=\"counter_suffix mycust ult-responsive\"  data-ultimate-target='#counter-responsv-wrap-6571 .mycust'  data-responsive-json-new='{\"font-size\":\"\",\"line-height\":\"\"}'  style=\"font-size:28px; color:#a1007d\"> Tipos de Ex\u00e1menes<\/div><div id=\"title-counter_386102818269e9ee82e9266\"  data-ultimate-target='#counter-responsv-wrap-6571 .stats-text'  data-responsive-json-new='{\"font-size\":\"\",\"line-height\":\"\"}'  class=\"stats-text ult-responsive\" style=\"font-size:18px;  \"><\/div><\/div><\/div>[\/vc_column_inner][vc_column_inner width=\u00bb1\/4&#8243;]<div class=\"stats-block stats-top  \"><div class=\"aio-icon-top\"><div class=\"ult-just-icon-wrapper  \"><div class=\"align-icon\" style=\"text-align:center;\">\n<div class=\"aio-icon circle \"  style=\"color:#ffffff;background:#a1007d;font-size:54px;display:inline-block;\">\n\t<i class=\"fas fa-users\"><\/i>\n<\/div><\/div><\/div><\/div><div class=\"stats-desc\" id=\"counter-responsv-wrap-9915\"><div id=\"counter_138220946469e9ee82e92db\" data-id=\"counter_138220946469e9ee82e92db\"  data-ultimate-target='#counter-responsv-wrap-9915 .stats-number'  data-responsive-json-new='{\"font-size\":\"\",\"line-height\":\"\"}'  class=\"stats-number ult-responsive\" style=\"font-size:28px;  font-weight:bold;color:#002856;\" data-speed=\"3\" data-counter-value=\"35\" data-separator=\"none\" data-decimal=\"none\">0<\/div><div class=\"counter_suffix mycust ult-responsive\"  data-ultimate-target='#counter-responsv-wrap-9915 .mycust'  data-responsive-json-new='{\"font-size\":\"\",\"line-height\":\"\"}'  style=\"font-size:28px; color:#a1007d\"> Profesionales<\/div><div id=\"title-counter_138220946469e9ee82e92db\"  data-ultimate-target='#counter-responsv-wrap-9915 .stats-text'  data-responsive-json-new='{\"font-size\":\"\",\"line-height\":\"\"}'  class=\"stats-text ult-responsive\" style=\"font-size:18px;  \"><\/div><\/div><\/div>[\/vc_column_inner][vc_column_inner width=\u00bb1\/4&#8243;]<div class=\"stats-block stats-top  \"><div class=\"aio-icon-top\"><div class=\"ult-just-icon-wrapper  \"><div class=\"align-icon\" style=\"text-align:center;\">\n<div class=\"aio-icon circle \"  style=\"color:#ffffff;background:#a1007d;font-size:54px;display:inline-block;\">\n\t<i class=\"fas fa-dna\"><\/i>\n<\/div><\/div><\/div><\/div><div class=\"stats-desc\" id=\"counter-responsv-wrap-6051\"><div class=\"counter_prefix mycust ult-responsive\"  data-ultimate-target='#counter-responsv-wrap-6051 .mycust'  data-responsive-json-new='{\"font-size\":\"\",\"line-height\":\"\"}'  style=\"font-size:28px; color:#a1007d\">+ de <\/div><div id=\"counter_258250140769e9ee82e932c\" data-id=\"counter_258250140769e9ee82e932c\"  data-ultimate-target='#counter-responsv-wrap-6051 .stats-number'  data-responsive-json-new='{\"font-size\":\"\",\"line-height\":\"\"}'  class=\"stats-number ult-responsive\" style=\"font-size:28px;  font-weight:bold;color:#002856;\" data-speed=\"3\" data-counter-value=\"20\" data-separator=\"none\" data-decimal=\"none\">0<\/div><div class=\"counter_suffix mycust ult-responsive\"  data-ultimate-target='#counter-responsv-wrap-6051 .mycust'  data-responsive-json-new='{\"font-size\":\"\",\"line-height\":\"\"}'  style=\"font-size:28px; color:#a1007d\"> A\u00f1os de Experiencia<\/div><div id=\"title-counter_258250140769e9ee82e932c\"  data-ultimate-target='#counter-responsv-wrap-6051 .stats-text'  data-responsive-json-new='{\"font-size\":\"\",\"line-height\":\"\"}'  class=\"stats-text ult-responsive\" style=\"font-size:18px;  \"><\/div><\/div><\/div>[\/vc_column_inner][vc_column_inner width=\u00bb1\/4&#8243;]<div class=\"stats-block stats-top  \"><div class=\"aio-icon-top\"><div class=\"ult-just-icon-wrapper  \"><div class=\"align-icon\" style=\"text-align:center;\">\n<div class=\"aio-icon circle \"  style=\"color:#ffffff;background:#a1007d;font-size:54px;display:inline-block;\">\n\t<i class=\"far fa-building\"><\/i>\n<\/div><\/div><\/div><\/div><div class=\"stats-desc\" id=\"counter-responsv-wrap-7375\"><div id=\"counter_126659290869e9ee82e9379\" data-id=\"counter_126659290869e9ee82e9379\"  data-ultimate-target='#counter-responsv-wrap-7375 .stats-number'  data-responsive-json-new='{\"font-size\":\"\",\"line-height\":\"\"}'  class=\"stats-number ult-responsive\" style=\"font-size:28px;  font-weight:bold;color:#002856;\" data-speed=\"3\" data-counter-value=\"5\" data-separator=\"none\" data-decimal=\"none\">0<\/div><div class=\"counter_suffix mycust ult-responsive\"  data-ultimate-target='#counter-responsv-wrap-7375 .mycust'  data-responsive-json-new='{\"font-size\":\"\",\"line-height\":\"\"}'  style=\"font-size:28px; color:#a1007d\"> Sucursales<\/div><div id=\"title-counter_126659290869e9ee82e9379\"  data-ultimate-target='#counter-responsv-wrap-7375 .stats-text'  data-responsive-json-new='{\"font-size\":\"\",\"line-height\":\"\"}'  class=\"stats-text ult-responsive\" style=\"font-size:18px;  \"><\/div><\/div><\/div>[\/vc_column_inner][\/vc_row_inner][vc_single_image image=\u00bb380&#8243; img_size=\u00bbfull\u00bb alignment=\u00bbcenter\u00bb][\/vc_column][\/vc_row]<\/p>\n<\/div>","protected":false},"excerpt":{"rendered":"<p>[vc_row full_width=\u00bbstretch_row_content_no_spaces\u00bb equal_height=\u00bbyes\u00bb content_placement=\u00bbmiddle\u00bb bg_type=\u00bbbg_color\u00bb bg_color_value=\u00bb#a1007d\u00bb][vc_column width=\u00bb1\/2&#8243; css=\u00bb.vc_custom_1727372609887{padding-top: 250px !important;padding-right: 0px !important;padding-bottom: 250px !important;padding-left: 0px !important;background-image: url(https:\/\/www.laboratoriobiomed.cl\/wp-content\/uploads\/2024\/09\/HEADER-3.png?id=583) !important;background-position: center !important;background-repeat: no-repeat !important;background-size: cover !important;}\u00bb][\/vc_column][vc_column width=\u00bb1\/2&#8243; css=\u00bb.vc_custom_1664316336707{padding-top: 80px !important;padding-right: 40px !important;padding-bottom: 100px !important;padding-left: 60px !important;background-color: #a1007d !important;}\u00bb][\/vc_column][\/vc_row][vc_row full_width=\u00bbstretch_row_content_no_spaces\u00bb equal_height=\u00bbyes\u00bb content_placement=\u00bbmiddle\u00bb bg_type=\u00bbbg_color\u00bb bg_color_value=\u00bb#002856&#8243;][vc_column width=\u00bb1\/2&#8243; css=\u00bb.vc_custom_1664316513782{padding-top: 80px !important;padding-right: 60px !important;padding-bottom: 100px !important;padding-left: 60px !important;background-color: #002856 !important;background-position: center !important;background-repeat:&hellip;<\/p>\n","protected":false},"author":1,"featured_media":0,"parent":0,"menu_order":0,"comment_status":"closed","ping_status":"closed","template":"","meta":{"footnotes":""},"class_list":["post-325","page","type-page","status-publish","hentry","description-off"],"yoast_head":"<!-- This site is optimized with the Yoast SEO plugin v25.4 - https:\/\/yoast.com\/wordpress\/plugins\/seo\/ -->\n<title>Quienes Somos - Biomed Lab<\/title>\n<meta name=\"robots\" content=\"index, follow, max-snippet:-1, max-image-preview:large, max-video-preview:-1\" \/>\n<link rel=\"canonical\" href=\"https:\/\/www.laboratoriobiomed.cl\/index.php\/quienes-somos\/\" \/>\n<meta property=\"og:locale\" content=\"es_ES\" \/>\n<meta property=\"og:type\" content=\"article\" \/>\n<meta property=\"og:title\" content=\"Quienes Somos - Biomed Lab\" \/>\n<meta property=\"og:description\" content=\"[vc_row full_width=\u00bbstretch_row_content_no_spaces\u00bb equal_height=\u00bbyes\u00bb content_placement=\u00bbmiddle\u00bb bg_type=\u00bbbg_color\u00bb bg_color_value=\u00bb#a1007d\u00bb][vc_column width=\u00bb1\/2&#8243; css=\u00bb.vc_custom_1727372609887{padding-top: 250px !important;padding-right: 0px !important;padding-bottom: 250px !important;padding-left: 0px !important;background-image: url(https:\/\/www.laboratoriobiomed.cl\/wp-content\/uploads\/2024\/09\/HEADER-3.png?id=583) !important;background-position: center !important;background-repeat: no-repeat !important;background-size: cover !important;}\u00bb][\/vc_column][vc_column width=\u00bb1\/2&#8243; css=\u00bb.vc_custom_1664316336707{padding-top: 80px !important;padding-right: 40px !important;padding-bottom: 100px !important;padding-left: 60px !important;background-color: #a1007d !important;}\u00bb][\/vc_column][\/vc_row][vc_row full_width=\u00bbstretch_row_content_no_spaces\u00bb equal_height=\u00bbyes\u00bb content_placement=\u00bbmiddle\u00bb bg_type=\u00bbbg_color\u00bb bg_color_value=\u00bb#002856&#8243;][vc_column width=\u00bb1\/2&#8243; css=\u00bb.vc_custom_1664316513782{padding-top: 80px !important;padding-right: 60px !important;padding-bottom: 100px !important;padding-left: 60px !important;background-color: #002856 !important;background-position: center !important;background-repeat:&hellip;\" \/>\n<meta property=\"og:url\" content=\"https:\/\/www.laboratoriobiomed.cl\/index.php\/quienes-somos\/\" \/>\n<meta property=\"og:site_name\" content=\"Biomed Lab\" \/>\n<meta property=\"article:modified_time\" content=\"2024-10-10T18:22:06+00:00\" \/>\n<meta name=\"twitter:card\" content=\"summary_large_image\" \/>\n<meta name=\"twitter:label1\" content=\"Tiempo de lectura\" \/>\n\t<meta name=\"twitter:data1\" content=\"2 minutos\" \/>\n<script type=\"application\/ld+json\" class=\"yoast-schema-graph\">{\"@context\":\"https:\/\/schema.org\",\"@graph\":[{\"@type\":\"WebPage\",\"@id\":\"https:\/\/www.laboratoriobiomed.cl\/index.php\/quienes-somos\/\",\"url\":\"https:\/\/www.laboratoriobiomed.cl\/index.php\/quienes-somos\/\",\"name\":\"Quienes Somos - Biomed Lab\",\"isPartOf\":{\"@id\":\"https:\/\/www.laboratoriobiomed.cl\/#website\"},\"datePublished\":\"2022-09-27T17:46:28+00:00\",\"dateModified\":\"2024-10-10T18:22:06+00:00\",\"breadcrumb\":{\"@id\":\"https:\/\/www.laboratoriobiomed.cl\/index.php\/quienes-somos\/#breadcrumb\"},\"inLanguage\":\"es\",\"potentialAction\":[{\"@type\":\"ReadAction\",\"target\":[\"https:\/\/www.laboratoriobiomed.cl\/index.php\/quienes-somos\/\"]}]},{\"@type\":\"BreadcrumbList\",\"@id\":\"https:\/\/www.laboratoriobiomed.cl\/index.php\/quienes-somos\/#breadcrumb\",\"itemListElement\":[{\"@type\":\"ListItem\",\"position\":1,\"name\":\"Portada\",\"item\":\"https:\/\/www.laboratoriobiomed.cl\/\"},{\"@type\":\"ListItem\",\"position\":2,\"name\":\"Quienes Somos\"}]},{\"@type\":\"WebSite\",\"@id\":\"https:\/\/www.laboratoriobiomed.cl\/#website\",\"url\":\"https:\/\/www.laboratoriobiomed.cl\/\",\"name\":\"Biomed Lab\",\"description\":\"Centro de Diagn\u00f3stico y Laboratorio Cl\u00ednico\",\"potentialAction\":[{\"@type\":\"SearchAction\",\"target\":{\"@type\":\"EntryPoint\",\"urlTemplate\":\"https:\/\/www.laboratoriobiomed.cl\/?s={search_term_string}\"},\"query-input\":{\"@type\":\"PropertyValueSpecification\",\"valueRequired\":true,\"valueName\":\"search_term_string\"}}],\"inLanguage\":\"es\"}]}<\/script>\n<!-- \/ Yoast SEO plugin. -->","yoast_head_json":{"title":"Quienes Somos - Biomed Lab","robots":{"index":"index","follow":"follow","max-snippet":"max-snippet:-1","max-image-preview":"max-image-preview:large","max-video-preview":"max-video-preview:-1"},"canonical":"https:\/\/www.laboratoriobiomed.cl\/index.php\/quienes-somos\/","og_locale":"es_ES","og_type":"article","og_title":"Quienes Somos - Biomed Lab","og_description":"[vc_row full_width=\u00bbstretch_row_content_no_spaces\u00bb equal_height=\u00bbyes\u00bb content_placement=\u00bbmiddle\u00bb bg_type=\u00bbbg_color\u00bb bg_color_value=\u00bb#a1007d\u00bb][vc_column width=\u00bb1\/2&#8243; css=\u00bb.vc_custom_1727372609887{padding-top: 250px !important;padding-right: 0px !important;padding-bottom: 250px !important;padding-left: 0px !important;background-image: url(https:\/\/www.laboratoriobiomed.cl\/wp-content\/uploads\/2024\/09\/HEADER-3.png?id=583) !important;background-position: center !important;background-repeat: no-repeat !important;background-size: cover !important;}\u00bb][\/vc_column][vc_column width=\u00bb1\/2&#8243; css=\u00bb.vc_custom_1664316336707{padding-top: 80px !important;padding-right: 40px !important;padding-bottom: 100px !important;padding-left: 60px !important;background-color: #a1007d !important;}\u00bb][\/vc_column][\/vc_row][vc_row full_width=\u00bbstretch_row_content_no_spaces\u00bb equal_height=\u00bbyes\u00bb content_placement=\u00bbmiddle\u00bb bg_type=\u00bbbg_color\u00bb bg_color_value=\u00bb#002856&#8243;][vc_column width=\u00bb1\/2&#8243; css=\u00bb.vc_custom_1664316513782{padding-top: 80px !important;padding-right: 60px !important;padding-bottom: 100px !important;padding-left: 60px !important;background-color: #002856 !important;background-position: center !important;background-repeat:&hellip;","og_url":"https:\/\/www.laboratoriobiomed.cl\/index.php\/quienes-somos\/","og_site_name":"Biomed Lab","article_modified_time":"2024-10-10T18:22:06+00:00","twitter_card":"summary_large_image","twitter_misc":{"Tiempo de lectura":"2 minutos"},"schema":{"@context":"https:\/\/schema.org","@graph":[{"@type":"WebPage","@id":"https:\/\/www.laboratoriobiomed.cl\/index.php\/quienes-somos\/","url":"https:\/\/www.laboratoriobiomed.cl\/index.php\/quienes-somos\/","name":"Quienes Somos - Biomed Lab","isPartOf":{"@id":"https:\/\/www.laboratoriobiomed.cl\/#website"},"datePublished":"2022-09-27T17:46:28+00:00","dateModified":"2024-10-10T18:22:06+00:00","breadcrumb":{"@id":"https:\/\/www.laboratoriobiomed.cl\/index.php\/quienes-somos\/#breadcrumb"},"inLanguage":"es","potentialAction":[{"@type":"ReadAction","target":["https:\/\/www.laboratoriobiomed.cl\/index.php\/quienes-somos\/"]}]},{"@type":"BreadcrumbList","@id":"https:\/\/www.laboratoriobiomed.cl\/index.php\/quienes-somos\/#breadcrumb","itemListElement":[{"@type":"ListItem","position":1,"name":"Portada","item":"https:\/\/www.laboratoriobiomed.cl\/"},{"@type":"ListItem","position":2,"name":"Quienes Somos"}]},{"@type":"WebSite","@id":"https:\/\/www.laboratoriobiomed.cl\/#website","url":"https:\/\/www.laboratoriobiomed.cl\/","name":"Biomed Lab","description":"Centro de Diagn\u00f3stico y Laboratorio Cl\u00ednico","potentialAction":[{"@type":"SearchAction","target":{"@type":"EntryPoint","urlTemplate":"https:\/\/www.laboratoriobiomed.cl\/?s={search_term_string}"},"query-input":{"@type":"PropertyValueSpecification","valueRequired":true,"valueName":"search_term_string"}}],"inLanguage":"es"}]}},"_links":{"self":[{"href":"https:\/\/www.laboratoriobiomed.cl\/index.php\/wp-json\/wp\/v2\/pages\/325","targetHints":{"allow":["GET"]}}],"collection":[{"href":"https:\/\/www.laboratoriobiomed.cl\/index.php\/wp-json\/wp\/v2\/pages"}],"about":[{"href":"https:\/\/www.laboratoriobiomed.cl\/index.php\/wp-json\/wp\/v2\/types\/page"}],"author":[{"embeddable":true,"href":"https:\/\/www.laboratoriobiomed.cl\/index.php\/wp-json\/wp\/v2\/users\/1"}],"replies":[{"embeddable":true,"href":"https:\/\/www.laboratoriobiomed.cl\/index.php\/wp-json\/wp\/v2\/comments?post=325"}],"version-history":[{"count":19,"href":"https:\/\/www.laboratoriobiomed.cl\/index.php\/wp-json\/wp\/v2\/pages\/325\/revisions"}],"predecessor-version":[{"id":710,"href":"https:\/\/www.laboratoriobiomed.cl\/index.php\/wp-json\/wp\/v2\/pages\/325\/revisions\/710"}],"wp:attachment":[{"href":"https:\/\/www.laboratoriobiomed.cl\/index.php\/wp-json\/wp\/v2\/media?parent=325"}],"curies":[{"name":"wp","href":"https:\/\/api.w.org\/{rel}","templated":true}]}}